5*b = 0, 4*g + u*b - 5*b - 136 = 0. Suppose 2*m + 3*m = 45. Calculate the remainder when g is divided by m.
7
Let u be (2 + (-270)/25)/((-1)/5). Let x = u + -15. Calculate the remainder when x is divided by (0 - -1)*(15 + 1).
13
Let q = 254 - 184. Let n = -103 + 67. Let s = -12 - n. What is the remainder when q is divided by s?
22
Let t = -21 + 37. Suppose 9*c = 6*c + 2*x + 193, 2*c - 102 = -4*x. What is the remainder when c is divided by t?
13
Let f(t) = 3*t - 5. Let y be f(3). Suppose 2*s - 4 = 4*c, -y*c = -9*c. What is the remainder when 4 is divided by s?
0
Suppose 4*g + 4*t - 244 = 0, -2*t = -2*g + 36 + 82. Calculate the remainder when 117 is divided by g.
57
Let t(z) be the first derivative of z**4/4 + 7*z**3/3 + z**2/2 + 9*z + 2. Let g be t(-7). Calculate the remainder when 29 is divided by g + (3 + -4 - -9).
9
Let x = 82 - 69. Suppose -78 + 334 = 2*z. Suppose z = 3*u - 22. Calculate the remainder when u is divided by x.
11
Let a(d) = d**3 + 6*d**2 + 6*d + 7. Let j be a(-5). What is the remainder when (2496/(-256))/(((-9)/(-8))/(-3)) is divided by ((-15)/j*-2)/1?
11
Suppose -3*j + 51 = -3*l + 6, -4*l - 32 = 3*j. What is the remainder when 38 is divided by 3/(l - 1) - (-114)/8?
10
Let h = -76 - -55. Calculate the remainder when 786/21 + (-12)/h is divided by 12.
2
Let a(c) = 35*c**3 + c. Let i be a(-1). Suppose l = -3*b + 18, -4*l + 18 = -2*b + 44. Calculate the remainder when (-423)/i - (-1)/4 is divided by b.
5
Suppose -13 - 14 = 3*b. Let m(s) = s**3 + 9*s**2 - s + 20. Calculate the remainder when m(b) is divided by 17 - 2/(-1 - -2).
14
Suppose -2*j - 72 = 74 - 156. What is the remainder when ((-20)/(-6))/(2/6) is divided by j?
0
Suppose 11*a - 46 = 130. What is the remainder when 44 is divided by a?
12
Let w be 4/((-16)/23) + (-9)/36. Let b(t) = -t**2 - 5*t + 15. Calculate the remainder when 39 is divided by b(w).
3
Let o = -7 + 15. Let a(v) = v**3 + 28*v**2 + 53*v + 31. Calculate the remainder when o is divided by a(-26).
3
Let h(p) = 9*p**2 + 38*p - 4. What is the remainder when h(-6) is divided by -16*(2 + -1)*-1?
12
Suppose 0 = -8*i - 171 - 189. Let v = 122 + i. Calculate the remainder when v is divided by 14.
7
Let p(l) = 2*l**3 - 74*l**2 - 150*l + 37. Calculate the remainder when p(39) is divided by 17.
16
Suppose -2*y - 5*f + 133 + 23 = 0, -407 = -5*y - 4*f. Let i(v) = -v**2 - 18*v + 4. Calculate the remainder when y is divided by i(-17).
20
Suppose 0 = -m + y + 15, 0 = -5*m + 4*y + 74 - 3. Let g(s) = -2*s**2 - s**3 + 3*s**2 + 0*s**2. Calculate the remainder when m is divided by g(-1).
1
Let b(d) = -8*d - 3. Calculate the remainder when 2/9 - (-4449)/27 is divided by b(-3).
18
Let u(h) = -h + 4. What is the remainder when 523 is divided by u(-21)?
23
Let w(m) = -m**3 + 11*m**2 + 15. Let h(v) = -3*v**3 + v**2. Let n be h(-1). Suppose 6*a = n*a + 8. Calculate the remainder when w(11) is divided by a.
3
Suppose 0 = -4*i + 4, 0*u = -5*u - 5*i + 190. Calculate the remainder when 183 is divided by u.
35
Let f(q) = 4*q - 21. What is the remainder when 59 is divided by f(13)?
28
Suppose 2363 = 4*p + 5*x, 2*p = p - 4*x + 588. What is the remainder when 183 is divided by ((-4)/8)/((-4)/p*2)?
35
What is the remainder when (-1)/(2/108)*(-33)/22 is divided by 28?
25
What is the remainder when 447/6*4/2 is divided by 25?
24
Let o be (-1 - 6) + (-3 - -1). Let c = o + 14. Suppose -2*t = -c*l + 273, -l - 3*t = 2*l - 168. Calculate the remainder when l is divided by 19.
17
Suppose -50*l + 884 = -216. Calculate the remainder when 51 is divided by l.
7
Let t be 0 - 1 - (-6 - -3). Suppose -a = t*a + 159. Let d = a + 95. What is the remainder when d is divided by 15?
12
Let o be (20/2)/(-1 - -3). Suppose 3*h + 4 = -o. Calculate the remainder when 34 is divided by 3*6*h/(-6).
7
Suppose 11*l = 12*l - 37. Calculate the remainder when l is divided by 20.
17
Let t(d) = 2*d**3 + 15*d**2 - 12*d - 52. What is the remainder when t(-7) is divided by 12?
9
Suppose -3*a - 210 = -2*m, -2*m + 39*a - 41*a = -190. Suppose -b + 52 = p, -p - 120 = -3*b + 28. What is the remainder when m is divided by b?
49
Suppose -2*a = 2*a - 24. Suppose -2*l + b = 64, 2*l + b - 96 = 5*l. Let p = l - -47. What is the remainder when p is divided by a?
3
Let a = -2698 - -3014. Calculate the remainder when a is divided by 18.
10
Suppose -4*j = 3*w - 6*j - 609, 5*j - 425 = -2*w. Calculate the remainder when w is divided by 26.
23
Calculate the remainder when (4/(-3))/1*28689/(-292) is divided by 68.
63
Suppose 3*l + 5*w + 21 = 143, 0 = 5*l - 5*w - 270. What is the remainder when 231 is divided by l?
35
Let m(s) = -s**2 - 5*s + 203. Calculate the remainder when 387 is divided by m(-13).
90
Let z = -221 - -246. Suppose 7 = k + 3*s - 43, -5*k + 230 = -5*s. What is the remainder when k is divided by z?
22
Suppose 0 = -165*m + 163*m + 48. Calculate the remainder when m is divided by 9.
6
Let z be (6/5)/((-8)/(-120)). What is the remainder when 3/9*(-1 + 5)*z is divided by 5?
4
Suppose -5*b + 538 = 4*m, -463 = -4*m + 5*b + 55. Calculate the remainder when m is divided by 8.
4
Let h = 243 - 348. Let y = -8 - -16. What is the remainder when (-21)/h - (298/(-10) + 1) is divided by y?
5
Suppose -252 - 1388 = -10*u. Calculate the remainder when u is divided by 14.
10
Let o(u) = u**2 - 8. Let q be o(4). Let x(m) = m**3 - 9*m**2 + 10*m - 16. Let j be x(q). What is the remainder when (-9)/3*(j - 2) is divided by 3?
0
Let b be (-1)/((-1)/1*7/21). Suppose -b*d - 21 = -4*d. Calculate the remainder when 41 is divided by d.
20
Suppose 2*z = 1 + 3. Suppose z*t - 126 = -52. What is the remainder when t is divided by 5?
2
Suppose 2*x = x - 4. What is the remainder when 10 is divided by -1 + 12/(0 - x)?
0
Let c be 1/(-2)*(-68)/10*-5. Let f = c - -24. Calculate the remainder when 62 is divided by f.
6
Let u = -2530 - -2545. Suppose 0*v = -2*v + 88. What is the remainder when v is divided by u?
14
Suppose -v = -2*v + 4. Suppose -3*x + 73 = -41. Let s = -25 + x. What is the remainder when s is divided by v?
1
Let c(f) = 3*f + 2. Let n be c(1). Suppose -29 = n*a - 59. Let t = -38 + 55. What is the remainder when t is divided by a?
5
Let b = 18 - 15. Suppose -109 = -4*w - b*d + 122, 4*w - 4*d - 252 = 0. Calculate the remainder when w is divided by 16.
12
Let s(x) = 3*x**3 + 18*x**2 + 9*x + 11. What is the remainder when s(-5) is divided by 14?
13
Suppose 0 = 1730*n - 1722*n - 424. Calculate the remainder when n is divided by 12.
5
Let b be (-1)/(4/24*-3). What is the remainder when (-2928)/(-42) - b/(-7) is divided by 9?
7
Let x(u) = 3 - u - u + 3*u - u**3 - 2. Let j be x(-1). What is the remainder when (-12)/14*j*-63 is divided by 19?
16
Let t(q) be the third derivative of 71*q**5/20 + q**4/24 - 6*q**2. Let l be t(-1). Let k = l + -64. Calculate the remainder when k is divided by 30.
28
Suppose 4*x + 2*w = 8, 5*x + 4*w = -0*w + 10. Suppose 0 = -m - m + x*l + 30, -5*l + 75 = 5*m. Calculate the remainder when 133 is divided by m.
13
Suppose 36 = h + 3. Suppose 0 = b - 2 - 1. What is the remainder when h is divided by 1*b/6*36?
15
What is the remainder when 1172/10 + (-2664)/120 + 22 is divided by 20?
17
Let b be ((-12)/4)/(5/3 - 2). Suppose 2 = -s + b. Let a(w) = w**3 + 2*w**2 - 4*w + 1. Calculate the remainder when s is divided by a(-3).
3
Suppose -6*b - 3*b = 45. Let i(r) = -3*r - 11. What is the remainder when 10 is divided by i(b)?
2
Let u = -1512 + 1779. Calculate the remainder when u is divided by 32.
11
Suppose -3*y + 186 = -m - 126, 0 = -y - 2*m + 97. What is the remainder when y is divided by 18?
13
Let k = -1302 - -1366. Let n(q) = 2*q**2 - q + 1. What is the remainder when k is divided by n(-3)?
20
Suppose -5*o = 15, -o + 186 = 4*z - 3*o. Calculate the remainder when z is divided by ((-2)/7)/(2/(-84)).
9
Let u = -87 + 92. What is the remainder when (-6)/(-21) + (-164)/(-14) is divided by 41/u - ((-272)/40 + 7)?
4
Let m(b) = 6*b**2 - 5*b. Let k = -108 + 110. Calculate the remainder when (-4 + -1)/(2/(-10)) is divided by m(k).
11
Let w(g) = -46*g**3 - 5*g**2 - 6*g. Let z = 2 + 1. Suppose 10 = -z*h + 58. What is the remainder when w(-1) is divided by h?
15
Let t = -19886 + 19908. Suppose 0 = -5*p + 3*p + 150. Calculate the remainder when p is divided by t.
9
Suppose -16*z = -15*z - 17. Let y = z - 2. W